ctors of a(k)?
2, 5, 31
Let r(x) = 107*x + 2. Let w be r(1). Suppose 356 + w = 5*f. Let j = f - -29. List the prime factors of j.
2, 61
Let c(n) = n**3 - n**2 + 2*n. Let x be c(0). Suppose x = 94*t - 96*t + 272. List the prime factors of t.
2, 17
Suppose 15 = -3*l - 2*l, 2*l - 6384 = -5*i. Suppose 2*d + i = 7*d - 3*s, 0 = d + s - 254. List the prime factors of d.
3, 5, 17
Let l(b) = -4*b - 31. Let o be l(-9). Suppose -2652 = -4*q - a, -o*q - 5*a - 325 = -3640. List the prime factors of q.
3, 13, 17
Let l(z) = 21 + 11 - 34 + 93*z**2 - 9*z + 16. List the prime factors of l(2).
2, 23
Let k(i) be the first derivative of -11*i + 8 + 7*i**2 - 1/3*i**3. List the prime factors of k(6).
37
Let p be (-94 + 4/2)/((-16)/48). Let i = p - -87. List the prime factors of i.
3, 11
Suppose -47108 - 45592 = -8*a - 17*a. What are the prime factors of a?
2, 3, 103
Let j = -239 - -229. What are the prime factors of (-1)/j + 31689/210?
151
Let w(n) = 11*n**2 - 103*n - 2724. What are the prime factors of w(-33)?
2, 3, 19, 37
Let s be (21/4)/(573/(-144) + 4). Let w = s - 138. What are the prime factors of w?
2, 3, 19
Let a be 20/(-8) - (-271)/2. Let g = a - 129. Suppose -2*c + 7*f = 2*f - 431, -404 = -2*c - g*f. List the prime factors of c.
2, 13
Let z(m) be the first derivative of m**4/4 + 7*m**3/3 + m**2 + 11*m - 13. Let w be z(-7). What are the prime factors of (-1 - w)/(4/(-752)*-2)?
2, 47
List the prime factors of (-5 + -227)/(5104/512 + -10).
2, 29
Suppose -3*n + 5*c - 19 = 0, 4*n - 5*c = -22 + 5. Let w be (1*3 + (-36)/8)*n. List the prime factors of (-12)/w - -1*114.
2, 59
Suppose 251*t = 132*t + 138*t - 414789. What are the prime factors of t?
3, 19, 383
Suppose 0*s - 4*s + 1628 = 0. Let z = s - 191. What are the prime factors of z?
2, 3
Suppose -20 - 212 = -4*y. Let j = -1 + y. What are the prime factors of j?
3, 19
Let c(d) = 6*d**3 + 4*d**2 + 5*d - 14. Let n be c(5). Let g = n + -464. List the prime factors of g.
397
Let q(f) = -11*f**2 - 19*f - 71. Let z be q(-4). Suppose -726 = -3*c - 5*l, -3*c + 2*c + 253 = -2*l. Let o = z + c. List the prime factors of o.
2, 19
Suppose -3*r + 4*v = -8*r + 11, 0 = v + 1. Suppose 0 = -4*c - r*x + 355, 0*c - 2*c - 2*x + 178 = 0. List the prime factors of c.
2, 11
Let k = 591 - 587. Suppose 38*x = 42*x + k*c - 4492, -2*x + 2240 = -4*c. What are the prime factors of x?
2, 3, 11, 17
Let l(h) = 2*h**2 - 8*h + 9. Let g be l(4). Suppose -1140 = -c - g*c. Suppose -7*p + c = -33. What are the prime factors of p?
3, 7
Let h be (4 + -13)*5 + -1 + 0. What are the prime factors of -8 + 23/(h/(-2288))?
2, 71
Let n be (-1)/3*-1*9. Let d = -1146 - -1149. Suppose s + n*w - 197 = -0*s, -5*w = -d*s + 535. List the prime factors of s.
5, 37
Let q be ((-3 + 1)*1)/((-1)/34). Suppose 5*m + 38 - q = 0. Suppose 14 = 4*g + m. List the prime factors of g.
2
Let m(t) = -17*t - 62. Let w be m(6). Let x = -37 - w. What are the prime factors of x?
127
List the prime factors of 11331 + 2/(4/26).
2, 709
Let u be (-5)/((-5)/3)*430/2. Suppose -2*y = y - u. Suppose -2*k + y = 3*k. What are the prime factors of k?
43
Suppose 8 = -1108*q + 1110*q. List the prime factors of 3461/q - (-42)/56.
2, 433
Let t = 41 - 29. Suppose -337 - 35 = -t*v. What are the prime factors of v?
31
What are the prime factors of (44/(-8)*(2 + -484))/1?
11, 241
Let q be 1 + -3 + 7 + -3. Suppose -d = -2, q*i + 7 = -4*d + 23. Suppose 4*h = -5*g + 85, -5*h = -2*g + 5 - i. What are the prime factors of g?
13
Let s(z) = 27*z + 1352. Let l be s(-50). Suppose f - 3*f - 2 = 0. What are the prime factors of 2274/12 + (f/l)/(-1)?
2, 5, 19
Suppose -4*c + 41 = -5*y, 2*c - 3*y + 0*y = 23. Suppose -v - 5*a + 1570 = 0, 15*v + c*a = 10*v + 7808. What are the prime factors of v?
2, 3, 5, 13
What are the prime factors of (-14)/(280/(-12))*8190?
2, 3, 7, 13
Let r be (1*-2 - (-22 - 2)) + -4. Let b be 3/(-2)*(-30 + r). Suppose -3*p + 294 = q - b, 330 = 3*p - 5*q. List the prime factors of p.
3, 5, 7
Suppose -4*u - 31 + 51 = 0. Suppose 6*h = u*h + 66. List the prime factors of h.
2, 3, 11
Let o = 2449 + 7032. Suppose 29*x - 4265 = o. List the prime factors of x.
2, 3, 79
Let x(n) = -20*n - 146. Let h(y) = -7*y - 49. Let u(v) = -6*v**3 + 2*v**2 - v. Let c be u(1). Let w(j) = c*x(j) + 14*h(j). List the prime factors of w(6).
2, 7
Let t be (-6 - 105/(-18)) + (-475)/30. Let w = -15 - 40. Let r = t - w. List the prime factors of r.
3, 13
Suppose -n + 5*q + 12240 = 0, -101*q = 2*n - 103*q - 24512. What are the prime factors of n?
2, 5, 613
Let z(i) = 6*i**2 - 21*i + 1. Let j(g) = 12*g**2 - 40*g + 2. Let q(f) = 4*j(f) - 7*z(f). Let y(c) = c**2 + 7. Let u be y(0). What are the prime factors of q(u)?
2, 3, 17
Suppose -3*j = -2*j + 4, 36 = 4*a - 4*j. Suppose 3391 = a*u + 1141. What are the prime factors of u?
2, 3, 5
Let w = 1965 + -434. Let s = -966 + w. List the prime factors of s.
5, 113
Let m(d) = -26*d**3 - 56*d**2 - 218*d - 5. What are the prime factors of m(-5)?
5, 587
Let f(w) = -1954*w + 77. What are the prime factors of f(-7)?
3, 5, 7, 131
Let h(y) = 37*y + 3. Let k be h(8). Suppose 4*r + 317 = -k. What are the prime factors of r/5*70/(-28)?
7, 11
Let u = 1146 + 7656. List the prime factors of u.
2, 3, 163
Suppose -20*u + 17*u + 4682 = 5*d, u - 1584 = -5*d. What are the prime factors of u?
1549
Suppose 5*h + 26 = 56. Let s(a) = 7*a**3 - 2*a**2 - 21*a + 12. List the prime factors of s(h).
2, 3, 13, 17
Suppose -90 = 4*z + 2*z. Let w be ((-8)/(-2) + z)*-2. Suppose -w*c + 20*c = -178. List the prime factors of c.
89
Let l(w) = w - 149. Let j be l(0). Suppose 30*o - 3959 = 2641. Let a = j + o. List the prime factors of a.
71
Suppose 4*z - p - 9743 = 0, 56*z - 54*z + 4*p - 4894 = 0. What are the prime factors of z?
2437
Let v = -9915 - -15059. List the prime factors of v.
2, 643
Let w be 3*(-5164)/(-114) + (-32)/(-304). Suppose 0 = -x + w + 224. List the prime factors of x.
2, 3, 5
Suppose -5*i = -497 + 527. Let v(g) = 5*g**2 + 6*g - 8. List the prime factors of v(i).
2, 17
Suppose 4*d + 2*u - 68080 = 0, 35514 + 32578 = 4*d - 4*u. List the prime factors of d.
17021
Let z(t) be the third derivative of -43*t**4/24 + t**3/6 - 2*t**2. Let o be z(1). Let b = -39 - o. List the prime factors of b.
3
Suppose -48*p - 31*p = 43*p - 965996. What are the prime factors of p?
2, 37, 107
Suppose 2*g - 322168 = -23*g + 288632. What are the prime factors of g?
2, 3, 509
Let w(i) = i**2 - 3*i + 5. Let q = 24 - 22. Let g be w(q). Suppose 4*d - 71 = g*d. List the prime factors of d.
71
Suppose -c + 430 = 4*j - 2*j, -4*j = -c - 848. Let t be (-73)/4 + (-1)/(-4). What are the prime factors of 2*(-3)/(t/j)?
71
Suppose -80 = -19*v + 148. Suppose -2*y = -2*k + v, 5*k + 5*y + 10 = 80. Suppose 0 = -k*x + 21*x - 3025. List the prime factors of x.
5, 11
Suppose 3084 = -0*c + 12*c. Suppose 3*g - c = 973. List the prime factors of g.
2, 5, 41
Let v = 2091 + -999. Suppose 5*z - 4*j + v = 2636, z - 2*j - 304 = 0. What are the prime factors of z?
2, 3, 13
Let q(j) be the second derivative of j**5/20 + j**4 - 13*j**3/3 - 4*j**2 - 40*j. What are the prime factors of q(-11)?
3, 7, 19
Let g = 61 + 26. Suppose -1167 = -10*t - g. List the prime factors of t.
2, 3
Suppose 5*s + 2*r - 49846 = 0, 2*s - s = -3*r + 9977. List the prime factors of s.
2, 7, 89
Let a(i) = 817*i**3 - 4*i**2 - 53*i + 110. List the prime factors of a(2).
2, 7, 233
Suppose -4*t - 4*b - 5944 = 0, 3*t - 5*b + 987 + 3439 = 0. Let h = t + 2969. What are the prime factors of h?
1487
Let v = -47529 - -79625. What are the prime factors of v?
2, 17, 59
Let t = -23 - -27. Suppose t*i - 6*i = -8. Suppose -i*n - 7*n + 726 = 0. List the prime factors of n.
2, 3, 11
Suppose -5*l - 3853 = -t + 12946, -33625 = -2*t + l. What are the prime factors of t?
2, 7, 1201
List the prime factors of ((-592)/(-20))/(2/54*(-48)/(-40)).
2, 3, 37
Suppose -160*f - 805084 + 5435004 = 0. List the prime factors of f.
19, 1523
Let v(o) = o**3 - 4*o**2 + 4*o - 1. Let k be v(3). Suppose k*j = -1 + 11. Suppose -j*a + 22 = -13. List the prime factors of a.
7
Let i(x) = 7*x + 106. Suppose -8*u + 20 = -7*u. List the prime factors of i(u).
2, 3, 41
Suppose 5*w - 975 = 8*w + 3*v, -3*v - 9 = 0. What are the prime factors of (-10 - w/28)*1318/3?
659
Suppose 0 = 4*t - t + 3*a - 3, 4*a + 24 = 3*t. Let z = 354 + -102. Su